 911643 is divided by 142.
3
What is the remainder when 68318 is divided by 99?
8
Calculate the remainder when 406596 is divided by 211.
210
What is the remainder when 2662 is divided by 116?
110
Calculate the remainder when 14476 is divided by 102.
94
Calculate the remainder when 5804 is divided by 5780.
24
What is the remainder when 2278 is divided by 65?
3
Calculate the remainder when 209895 is divided by 117.
114
What is the remainder when 160061 is divided by 147?
125
Calculate the remainder when 8969 is divided by 406.
37
What is the remainder when 41018 is divided by 95?
73
What is the remainder when 53176 is divided by 26540?
96
Calculate the remainder when 7358 is divided by 196.
106
Calculate the remainder when 118 is divided by 102.
16
Calculate the remainder when 3522 is divided by 868.
50
Calculate the remainder when 1990799 is divided by 632.
631
What is the remainder when 129187 is divided by 26?
19
Calculate the remainder when 15754 is divided by 1120.
74
Calculate the remainder when 2087 is divided by 163.
131
What is the remainder when 29700 is divided by 147?
6
What is the remainder when 5806 is divided by 5549?
257
Calculate the remainder when 15679 is divided by 2238.
13
What is the remainder when 1032 is divided by 188?
92
What is the remainder when 302227 is divided by 151112?
3
Calculate the remainder when 5323 is divided by 44.
43
Calculate the remainder when 9130 is divided by 14.
2
What is the remainder when 28572 is divided by 25?
22
What is the remainder when 37150 is divided by 37136?
14
What is the remainder when 12734 is divided by 4232?
38
What is the remainder when 13292 is divided by 1113?
1049
What is the remainder when 15984 is divided by 176?
144
What is the remainder when 2726 is divided by 1077?
572
What is the remainder when 279448 is divided by 75?
73
What is the remainder when 1437 is divided by 472?
21
Calculate the remainder when 2901 is divided by 954.
39
Calculate the remainder when 5615 is divided by 5570.
45
What is the remainder when 1245 is divided by 409?
18
What is the remainder when 15292 is divided by 147?
4
What is the remainder when 697045 is divided by 2379?
2377
What is the remainder when 3681 is divided by 333?
18
Calculate the remainder when 10573 is divided by 590.
543
Calculate the remainder when 31700 is divided by 503.
11
What is the remainder when 13202 is divided by 13081?
121
What is the remainder when 10508 is divided by 93?
92
Calculate the remainder when 4001 is divided by 28.
25
What is the remainder when 41590 is divided by 370?
150
What is the remainder when 82294 is divided by 24?
22
What is the remainder when 9239 is divided by 2040?
1079
What is the remainder when 50775 is divided by 182?
179
Calculate the remainder when 9097 is divided by 27.
25
Calculate the remainder when 17829 is divided by 17.
13
What is the remainder when 7142066 is divided by 11?
8
What is the remainder when 1615 is divided by 810?
805
What is the remainder when 1724 is divided by 356?
300
What is the remainder when 208335 is divided by 104157?
21
What is the remainder when 7594 is divided by 309?
178
What is the remainder when 777 is divided by 131?
122
What is the remainder when 2643 is divided by 153?
42
Calculate the remainder when 3490 is divided by 103.
91
What is the remainder when 92579 is divided by 17?
14
Calculate the remainder when 9600 is divided by 549.
267
Calculate the remainder when 32857 is divided by 21.
13
Calculate the remainder when 10524 is divided by 819.
696
What is the remainder when 52321 is divided by 13077?
13
What is the remainder when 797 is divided by 350?
97
What is the remainder when 11497 is divided by 125?
122
Calculate the remainder when 147939 is divided by 22.
11
Calculate the remainder when 74959 is divided by 57.
4
What is the remainder when 14572 is divided by 2?
0
Calculate the remainder when 4099 is divided by 1295.
214
Calculate the remainder when 36248 is divided by 58.
56
Calculate the remainder when 1439 is divided by 50.
39
Calculate the remainder when 12464 is divided by 67.
2
What is the remainder when 104839 is divided by 62?
59
What is the remainder when 48951 is divided by 58?
57
Calculate the remainder when 4719 is divided by 1163.
67
What is the remainder when 1454 is divided by 416?
206
Calculate the remainder when 813 is divided by 319.
175
Calculate the remainder when 7658 is divided by 101.
83
What is the remainder when 239849 is divided by 119916?
17
Calculate the remainder when 1074890 is divided by 537436.
18
Calculate the remainder when 6871 is divided by 202.
3
What is the remainder when 2379 is divided by 114?
99
What is the remainder when 91572 is divided by 9144?
132
Calculate the remainder when 6547 is divided by 926.
65
What is the remainder when 404538 is divided by 772?
10
Calculate the remainder when 2398 is divided by 81.
49
Calculate the remainder when 14019 is divided by 12.
3
What is the remainder when 5516 is divided by 1469?
1109
Calculate the remainder when 2198 is divided by 2117.
81
What is the remainder when 6334 is divided by 791?
6
What is the remainder when 18056 is divided by 2169?
704
What is the remainder when 4158 is divided by 637?
336
What is the remainder when 4706 is divided by 1137?
158
What is the remainder when 35753 is divided by 303?
302
Calculate the remainder when 117461 is divided by 16778.
15
Calculate the remainder when 2178 is divided by 432.
18
Calculate the remainder when 44164 is divided by 11.
10
Calculate the remainder when 197 is divided by 39.
2
Calculate the remainder when 908 is divided by 17.
7
Calculate the remainder when 12163 is divided by 2405.
138
What is the remainder when 205 is divided by 174?
31
What is the remainder when 13849 is divided by 432?
25
Calculate the remainder when 13450 is divided by 160.
10
Calculate the remainder when 7662 is divided by 660.
402
What is the remainder when 1873 is divided by 137?
92
What is the remainder when 12938 is divided by 363?
233
What is the remainder when 94739 is divided by 33?
29
Calculate the remainder when 41865 is divided by 2790.
15
Calculate the remainder when 5144 is divided by 5140.
4
What is the remainder when 133572 is divided by 87?
27
Calculate the remainder when 31764 is divided by 1058.
24
Calculate the remainder when 3492 is divided by 1131.
99
What is the remainder when 102086 is divided by 20411?
31
Calculate the remainder when 70573 is divided by 32.
13
What is the remainder when 33740 is divided by 12?
8
Calculate the remainder when 104369 is divided by 63.
41
What is the remainder when 12094 is divided by 32?
30
Calculate the remainder when 1230785 is divided by 303.
302
Calculate the remainder when 43578 is divided by 57.
30
What is the remainder when 4102 is divided by 1363?
13
Calculate the remainder when 2359 is divided by 2029.
330
Calculate the remainder when 92376 is divided by 118.
100
Calculate the remainder when 41393 is divided by 20587.
219
What is the remainder when 2460748 is divided by 1158?
1156
Calculate the remainder when 2986 is divided by 70.
46
What is the remainder when 237777 is divided by 20?
17
What is the remainder when 540 is divided by 172?
24
What is the remainder when 3293 is divided by 720?
413
Calculate the remainder when 33274 is divided by 80.
74
Calculate the remainder when 16809 is divided by 8398.
13
What is the remainder when 45112 is divided by 5618?
168
Calculate the remainder when 16925 is divided by 223.
200
Calculate the remainder when 6471 is divided by 186.
147
Calculate the remainder when 27842 is divided by 1264.
34
What is the remainder when 64656 is divided by 11?
9
What is the remainder when 1384815 is divided by 41?
40
What is the remainder when 7733 is divided by 414?
281
Calculate the remainder when 245413 is divided by 69.
49
Calculate the remainder when 229682 is divided by 1209.
1181
Calculate the remainder when 31776 is divided by 24.
0
Calculate the remainder when 7356 is divided by 44.
8
Calculate the remainder when 36571 is divided by 36073.
498
Calculate the remainder when 30800 is divided by 1621.
1
Calculate the remainder when 1326 is divided by 432.
30
Calculate the remainder when 6342 is divided by 162.
24
What is the remainder when 83426 is d